ne g(-70).
-1082
Let r(w) = 108*w**2 + 16151*w - 7318. Calculate r(-150).
32
Let s(r) = -r**3 - 35*r**2 + 29*r + 832. Calculate s(-36).
1084
Let u(s) = 554*s + 9412. What is u(-17)?
-6
Let g(r) = -2*r**2 + 321*r + 423. What is g(164)?
-725
Let w(a) = 78*a + 1829. Give w(-15).
659
Let v(d) = -69*d**2 + 188*d + 153. Determine v(0).
153
Let w(f) = -7*f**3 - 1076*f**2 + 308*f + 22. Calculate w(-154).
22
Let c(s) = -s**3 - 170*s**2 - 1890*s + 45897. What is c(-156)?
33
Let v(z) = 2*z**3 + 3*z**2 + 997*z + 5077. Give v(-5).
-83
Let n(a) = -10*a**3 + 2957*a**2 + 885*a + 761. What is n(296)?
-127
Let c(b) = -4*b**3 + 169*b**2 + 136*b + 12. Determine c(43).
313
Let w(j) = -36*j**2 - 216*j + 645. Give w(3).
-327
Let c(w) = 404*w - 41096. Give c(99).
-1100
Let r(m) = -27571*m - 248141. Give r(-9).
-2
Let l(v) = 2*v**2 + 534*v - 26098. What is l(-306)?
-2230
Let b(k) = k**3 - 2*k**2 - 3381*k + 1051. Give b(59).
-11
Let y(n) = -14*n**2 - 17828*n - 53419. What is y(-3)?
-61
Let k(u) = -13*u**2 + 253*u - 1030. What is k(6)?
20
Let w(d) = -334*d - 7167. Determine w(-23).
515
Let p(s) = -s**3 + 64*s**2 - 702*s - 1631. Determine p(49).
-14
Let q(d) = -d**3 + 23*d**2 + 22*d - 161. Determine q(28).
-3465
Let g(t) = 2*t**3 - 193*t**2 + 4384*t - 138. Determine g(60).
102
Let h(n) = -5085*n - 40287. What is h(-8)?
393
Let j(y) = 5823*y - 471667. Give j(81).
-4
Let x(z) = -16966*z - 984112. Give x(-58).
-84
Let s(v) = v**2 - 41*v + 601. Give s(10).
291
Let r(y) = 25194*y + 403100. Determine r(-16).
-4
Let o(f) = -2*f**2 - 361*f + 4503. What is o(-192)?
87
Let u(k) = -5*k**3 + 50*k**2 - 15*k + 103. Determine u(11).
-667
Let m(f) = -3*f**3 - 16*f**2 - 6*f + 20. What is m(-6)?
128
Let b(u) = 2*u**3 - 39*u**2 - 17*u + 2278. Calculate b(15).
-2
Let t(p) = 5*p**3 - 1983*p**2 - 812*p + 7209. Give t(397).
63
Let v(l) = l**2 - 738219*l + 5167456. Determine v(7).
-28
Let l(a) = -5*a**2 - 12*a + 23. Calculate l(8).
-393
Let m(h) = 1361*h + 2162. Give m(-2).
-560
Let c(q) = -21*q**2 - 148*q + 863. Determine c(6).
-781
Let p(g) = 2*g**3 - 462*g**2 + 33*g - 6641. Determine p(231).
982
Let d(g) = g**3 + g**2 - 742*g - 920. Give d(-27).
160
Let g(y) = -157*y + 2656. Determine g(17).
-13
Let s(b) = 2*b**2 + 33*b - 11857. What is s(-85)?
-212
Let c(m) = 9063*m + 145150. What is c(-16)?
142
Let z(g) = -g**3 + 120*g**2 + 5801*g - 256. Give z(-37).
40
Let b(m) = 2*m**3 - 77*m**2 + 12*m - 1791. Determine b(39).
198
Let u(n) = 1377*n + 3420. Calculate u(-2).
666
Let n(c) = -17265*c - 68965. Calculate n(-4).
95
Let g(q) = -q**3 + 15*q**2 + 819*q - 11366. What is g(14)?
296
Let z(b) = 49*b**2 + 31*b - 97. Calculate z(-6).
1481
Let w(p) = -p**2 - 70394*p - 633486. Calculate w(-9).
-21
Let a(j) = -7*j**3 - 6*j**2 - 24*j - 21. Determine a(-6).
1419
Let g(r) = -13*r - 493. What is g(-18)?
-259
Let k(y) = -4204*y - 8285. Determine k(-2).
123
Let j(l) = 8*l**3 + l**2 - 38*l - 35. What is j(-5)?
-820
Let f(i) = i**3 - 235*i**2 - 1371*i + 4. Determine f(-6).
-446
Let x(p) = 31*p - 1899. Give x(59).
-70
Let c(v) = -15*v**2 + 3927*v - 407. Calculate c(263).
-5141
Let n(c) = 3*c**3 - 66*c**2 + 136*c - 331. Calculate n(20).
-11
Let f(v) = v**2 - 110*v - 11182. What is f(-64)?
-46
Let t(w) = 313433*w + 2507515. What is t(-8)?
51
Let a(x) = 9520*x**2 + 57109*x - 17. Give a(-6).
49
Let l(h) = 88*h**2 + 14130*h - 6116. Give l(-161).
2
Let d(u) = u**3 + 25*u**2 + 147*u + 63. What is d(-17)?
-124
Let v(p) = 2*p**3 + 31*p**2 + 368*p + 2964. Determine v(-11).
5
Let r(q) = -3*q**2 - 292*q + 22377. Determine r(-148).
-119
Let p(i) = -256*i + 11651. What is p(46)?
-125
Let u(a) = 384*a - 32240. What is u(85)?
400
Let h(q) = -q**3 + 99*q**2 + 3449*q + 13581. Determine h(127).
-8
Let c(h) = 3807229*h - 34265069. Determine c(9).
-8
Let m(v) = 6887*v - 34450. What is m(5)?
-15
Let r(h) = -23*h**2 - 373*h - 244. Give r(-15).
176
Let f(p) = 3*p**3 + 32*p**2 + 94*p + 743. Give f(-10).
3
Let z(m) = -3*m**3 + 8*m**2 + 70*m - 322. Determine z(4).
-106
Let q(u) = 2*u**3 + 19*u**2 + 845*u + 7467. Determine q(-9).
-57
Let d(f) = f**2 + 1076*f + 39239. Calculate d(-38).
-205
Let p(s) = 1534*s - 297878. Calculate p(195).
1252
Let p(w) = -394*w - 11772. Calculate p(-30).
48
Let m(r) = 5*r**2 - 21106*r - 63360. Give m(-3).
3
Let k(t) = -1904*t**3 + 48*t**2 - 49*t. Determine k(1).
-1905
Let o(w) = -13929*w + 115484. What is o(8)?
4052
Let d(r) = -9*r**2 + 971*r + 227. Determine d(108).
119
Let x(h) = -h**3 + 7*h**2 - 88*h + 140. What is x(5)?
-250
Let w(x) = -67*x**2 + 1905*x + 7648. Calculate w(-4).
-1044
Let x(f) = -906*f + 700. Calculate x(2).
-1112
Let d(x) = 114*x + 27819. Determine d(-242).
231
Let s(j) = 106*j**2 + 1780*j + 7022. Give s(-6).
158
Let h(a) = -738*a - 4395. Calculate h(-7).
771
Let y(b) = -48*b**2 + 154*b + 455. What is y(-3)?
-439
Let p(b) = -12030*b + 9142825. Calculate p(760).
25
Let x(w) = 6*w**3 + 6*w**2 + 29*w + 22. Calculate x(-4).
-382
Let k(a) = -a**2 + 415*a - 24972. What is k(342)?
-6
Let t(l) = -3408*l + 207958. Determine t(61).
70
Let u(o) = -4*o**3 - 14*o**2 - 1778*o - 14304. Determine u(-8).
1072
Let s(y) = 103*y - 7741. Calculate s(76).
87
Let b(k) = -1350*k - 2511. Give b(-4).
2889
Let c(b) = -187*b**2 - 440*b + 51. Calculate c(-3).
-312
Let r(w) = w**3 + 28*w**2 + 6*w + 190. Calculate r(-28).
22
Let s(d) = d**3 + 12*d**2 + 16*d - 686. Determine s(0).
-686
Let q(r) = 7*r**2 + 89*r - 271. Give q(5).
349
Let m(p) = p**2 - 113*p - 7478. Calculate m(-47).
42
Let x(q) = -100*q**3 + 4*q**2 - 11*q + 8. Give x(2).
-798
Let t(p) = -p**3 + 716*p**2 - 5387*p - 196094. Give t(708).
22
Let d(g) = 7*g**2 - 869*g + 1828. Calculate d(122).
-2
Let v(r) = -3*r**2 + 230*r + 496. Calculate v(79).
-57
Let r(u) = -8*u**3 + 52*u**2 + 449*u + 27. Determine r(11).
610
Let q(c) = 25981*c - 77923. Calculate q(3).
20
Let n(j) = -106*j + 9852. Calculate n(93).
-6
Let r(q) = -2*q**2 + 634*q + 3228. What is r(-5)?
8
Let g(t) = -1132*t - 13621. Give g(-12).
-37
Let z(s) = 18483*s - 295668. What is z(16)?
60
Let s(g) = 1373*g + 136795. What is s(-100)?
-505
Let g(b) = -b**3 + 251*b**2 + 11*b - 2748. Give g(251).
13
Let w(g) = -447*g + 21748. Calculate w(49).
-155
Let v(u) = u**3 - 7*u**2 + 65*u - 953. What is v(11)?
246
Let s(o) = 19*o**2 - 10*o + 32. Calculate s(8).
1168
Let w(j) = -720887*j + 12255079. Calculate w(17).
0
Let l(v) = -v**2 + 723*v - 55669. Give l(88).
211
Let k(l) = -76842*l + 614743. Determine k(8).
7
Let j(u) = -687*u + 2276. What is j(2)?
902
Let t(b) = b**3 + 24*b**2 - 51*b - 2144. Determine t(-22).
-54
Let q(j) = -51*j**2 + 15577*j - 6536. What is q(305)?
174
Let m(g) = -18*g**3 - 7*g**2 + 66*g + 217. Determine m(-3).
442
Let j(s) = 6*s**3 + 3808*s**2 + 6361*s + 19640. What is j(-633)?
17
Let a(l) = 2*l**2 - 1511*l - 67836. Calculate a(-42).
-846
Let n(w) = -64*w + 650. What is n(27)?
-1078
Let c(w) = -w**3 - 119*w**2 - 4148*w - 475538. What is c(-118)?
2
Let w(r) = -r**2 - 1067*r + 11980. Calculate w(11).
122
Let l(j) = j**3 - 98*j**2 - 4803*j + 19681. Give l(133).
-3
Let y(u) = 472*u**2 + 263*u + 10. Calculate y(-1).
219
Let a(b) = -20*b**2 - 374*b - 2584. What is a(-7)?
-946
Let r(a) = 143907*a + 2014692. Give r(-14).
-6
Let g(h) = -h**3 + 93*h**2 - 356*h + 54. Give g(89).
54
Let s(o) = -39*o**2 - 101*o - 26. Determine s(-6).
-824
Let l(u) = -6*u**2 - 3108*u + 81. Give l(0).
81
Let q(a) = -2*a**3 + 312*a**2 - 919*a + 293. Determine q(153).
140
Let q(s) = 142*s + 52263. Calculate q(-368).
7
Let w(r) = r**2 + 1136*r + 96037. Determine w(-92).
-11
Let p(o) = 213*o - 1311. Calculate p(5).
-246
Let v(h) = 16*h**2 + 144*h - 2012. Give v(11).
1508
Let w(p) = 116*p**3 + 3*p**2 + 4*p + 1. Give w(0).
1
Let h(z) = -7*z**2 + 1051*z + 6388. Give h(156).
-8
Let y(z) = -6283*z + 2104812. Give y(335).
7
Let s(h) = -h**3 - 63*h**2 - 86*h + 1454. What is s(-62)?
2942
Let s(g) = -6*g**2 + 941*g - 11221. Give s(13).
-2
Let d(g) = 454*g + 6105. What is d(-14)?
-251
Let i(v) = -10*v**3 - 14*v**2 - 94*v - 113. Give i(-2).
99
Let b(j) = 22*j**3 + 3*j**2 - 61653*j + 61651. Calculate b(1).
23
Let r(a) = -9*a**2 - 863*a + 99. What is r(-97)?
-871
Let x(p) = 21*p**2 + 1834*p - 14677. Give x(8).
1339
Let b(d) = -d**3 - 86*d**2 - 1438*d - 1918. Calculate b(-64).
2
Let s(b) = -b**3 - 27951*b**2 - 27949*b + 3. What is s(-1)?
2
L